
Suppose -b - 5405 - 1138 = -4*w, -1 = -b. What is the units digit of w?
6
Let f be (2 - 1) + -3 + 118. Let g = -37 + f. Let w = -53 + g. What is the tens digit of w?
2
Let o be 601/9 + 2 + 16/(-9). Suppose 6*i - i + 2*v - 420 = 0, -o = -i + 3*v. What is the units digit of i?
2
Let f = -4 - -7. Let d(x) = -2*x**2 + 20*x - 18. Let r be d(9). Suppose -f*g + r*g = -39. What is the tens digit of g?
1
Let d = -4 + 0. Let o be -11*(d/1 + 3). Let w = o + 4. What is the tens digit of w?
1
Suppose -8*m + m = -301. Suppose -161 = -2*h + m. What is the tens digit of h?
0
Suppose -6 - 6 = -4*v. Suppose v*a = 9*a - 144. What is the tens digit of a?
2
Suppose i - 36 = -4*z, -4*z + 3*i + 24 = -28. Suppose 5*x + 33 = -4*p + 4, 5*p - z = 3*x. What is the tens digit of x/(-2 - -7) - -23?
2
Let k(r) be the second derivative of r**5/20 + r**3/2 - 3*r**2/2 - 11*r. What is the tens digit of k(3)?
3
Let v(s) = -17*s**3 - 2*s. What is the units digit of v(-1)?
9
Suppose -64 = -14*y + 188. Suppose 0 = -o - 3*o - 4. What is the units digit of ((-1)/o)/(9/y)?
2
Suppose -5*b - 9970 = a - 6*a, 0 = 5*a - b - 9958. What is the thousands digit of a?
1
Let k = -118 + 224. Suppose -5*h - k = -26. What is the units digit of (84/h)/(-7)*4?
3
Suppose -2385 = -5*r - 5*m, -2*m = 5*r - 1717 - 662. What is the hundreds digit of r?
4
Let u = 259 - 260. Let r(x) be the first derivative of 4*x**3 - x - 1. What is the units digit of r(u)?
1
What is the tens digit of 738/4*3/(18/32)?
8
What is the thousands digit of (-7 + (-1)/(15/(-595)))*75?
2
Let d(o) = 3*o - 57. Let b(j) = j - 28. Let i(c) = 13*b(c) - 6*d(c). What is the units digit of i(-6)?
8
What is the units digit of 4 + 0/(-7) - 2?
2
What is the units digit of 23304/(-42)*(-21)/6?
2
Suppose -q + 4*r = 59 - 188, 5*q - 603 = -r. Let l = 6 + q. What is the hundreds digit of l?
1
Suppose -602*r + 599*r = -2601. What is the hundreds digit of r?
8
Let t = 422 + 192. What is the hundreds digit of t?
6
Let y = 115 + 233. Suppose -6*u + y = 66. What is the units digit of u?
7
Let l = 30 - 171. Let r = l - -235. What is the units digit of r?
4
Let u be -5*(-2 + 7/5). Suppose -u*m = -b + 33 - 108, 0 = -4*m - 3*b + 113. What is the tens digit of m?
2
Let n = 21 - 11. Suppose -x + 3*k + 3 = 12, n = -2*x + 4*k. Suppose m = i - 54, m - x*m - 4 = 0. What is the tens digit of i?
5
Let d(g) = -g**2 + 7*g + 4. Let k be -3 + -1 - 22/(-2). Let x be d(k). Suppose x*i = 94 + 42. What is the tens digit of i?
3
Let x(t) = 4*t**3 + 22*t**2 + 14*t - 9. What is the units digit of x(7)?
9
Suppose -2*b + w = -1 - 1, -4*w + 22 = 2*b. Suppose -b*z = -198 - 24. What is the tens digit of z?
7
Let p = -4 - -7. Suppose 2*q - 5*q - 297 = -p*n, -4*q = 2*n - 192. What is the units digit of n?
8
Let a = -2079 + 4076. What is the thousands digit of a?
1
Suppose 2*u - 6*u = -2972. Suppose 3*v + 2*h = u, 29 - 9 = 5*h. What is the units digit of v?
5
Let y = 1200 + 733. What is the hundreds digit of y?
9
Let q(t) = -t**3 - 9*t**2 - 16*t - 26. What is the tens digit of q(-9)?
1
Let p be (-40)/16*(1 - 3). Let i(f) = 6*f**2 - 5*f. Let g be i(6). Suppose -p*d + g = 21. What is the tens digit of d?
3
Let j = 0 - 18. Let x = j - -7. Let f = x - -17. What is the units digit of f?
6
Let f(z) = -3*z**3 - 2*z**2 + 3. Let o(g) = 2*g**3 + g**2 - 2. Let c(d) = 3*f(d) + 4*o(d). Let i(n) = -n + 1. Let m be i(4). What is the tens digit of c(m)?
1
Let s = 540 - -402. What is the units digit of s?
2
Let o = -2653 - -6225. What is the hundreds digit of o?
5
Let z = 204 + -87. Suppose -4*b = -55 - z. What is the tens digit of b?
4
What is the units digit of 0 + (-1 - -649) - 7?
1
Let x(w) = -20*w + 4. Let o be x(-1). What is the tens digit of o/(-18) - (-124)/3?
4
Let k(s) = -16*s**2 - 5. Let j be k(2). Let x = j - -128. What is the tens digit of x?
5
Let p(a) = -a**3 - 6*a**2 - 5*a + 5. Let c be p(-4). What is the tens digit of 184/3 - c/(-21)?
6
Suppose -g - 11 = -o, 3*g - 4*o + 22 + 7 = 0. Let x = -11 - g. Suppose 8*n = x*n + 88. What is the tens digit of n?
2
Suppose 8*j + 9 - 1 = 0. What is the hundreds digit of (j/(2/28))/(38/(-361))?
1
Let l be (2 + -38 - -4)*-1. Suppose -3*g + 46 + l = 0. What is the units digit of g?
6
Suppose 28 = -3*w + 10*w. Suppose -w*l + 290 = l. What is the tens digit of l?
5
Suppose 3*z = 5*s - 325, -2*s - 260 = -6*s + 2*z. What is the tens digit of s?
6
Let m(v) = v**3 + v**2 + 9*v - 9. Let h be m(5). What is the units digit of (0 - h)/2*(-36)/27?
4
Let m(n) = 147*n**2 - 12*n + 2. What is the hundreds digit of m(-3)?
3
Let k be (-6)/33 + (-26)/11*5. What is the units digit of (k + 6/2)*2*-9?
2
Let n(t) = 8*t + 1755. What is the units digit of n(0)?
5
Let k(z) = 3*z**3 + z + 4. Let n be k(0). Suppose -2*x - 21 = -n*f - 7*x, 5*x = 4*f - 11. Suppose 42 = f*v + 2. What is the tens digit of v?
1
Suppose 2*m = -2*m + 12. Suppose -2*v + 6*v - 112 = 4*f, -57 = -2*v + m*f. What is the tens digit of v/45 - (-202)/5?
4
Let p(t) = 18*t**2 - 9*t - 23. What is the tens digit of p(-3)?
6
What is the tens digit of (-72)/(-60) - (-15968)/10?
9
Let m = -2084 + 2937. What is the tens digit of m?
5
Let u(d) = -18*d + 4*d**3 - 23*d**2 - d**3 + 5*d**2 - 2*d**3 - 3. What is the tens digit of u(19)?
1
Suppose 2*i - 5*u - 15 = 6*i, 3*i = -u - 25. Let g = i + 15. Suppose -3*h = t + h - 47, 0 = g*t - 3*h - 235. What is the tens digit of t?
4
Let d(q) = 2*q - 87. Let k be d(0). Let v = 190 + k. Suppose 5*h - a = -4*a + v, -3*h + 59 = -a. What is the units digit of h?
0
Let o(f) = 137*f + 57. What is the tens digit of o(6)?
7
Suppose -4*p + h - 321 = 0, 4*p + 296 = -h - 3*h. Let o = p + 121. What is the tens digit of o?
4
Suppose -6*p + 9*p = 0. Suppose 3*s - 39 + 105 = p. Let i = s + 27. What is the units digit of i?
5
Let k = -656 + 971. What is the tens digit of k?
1
Suppose -4*o = -d - 33, 23 = 3*o - 0*d + d. Suppose 0 = 2*w - o, 5*m - 6 = 4*m - w. What is the units digit of m?
2
Let j(o) = 13*o + 1. Suppose 0 = -h + 3, 5*g + 2*h = g + 18. What is the units digit of j(g)?
0
Let u(s) = 2*s - 15 + s + 11 + s**2. What is the units digit of u(2)?
6
Let w = -319 - -150. Let s = 255 + w. What is the tens digit of s?
8
Suppose -833 = -3*b + 1126. What is the tens digit of b?
5
Suppose 0 = -5*h - 15, 6 - 2 = 5*x + 2*h. Let b(y) = 2*y**2 - 8*y - 21. Let w be b(-5). Suppose x*q = -21 + w. What is the tens digit of q?
2
Suppose -3*g = -11*g + 14048. What is the units digit of g?
6
Let n(i) = 3640*i**3 + 2*i**2 + 3*i - 3. What is the hundreds digit of n(1)?
6
Let o = 434 + -722. Let y = o + 406. What is the units digit of y?
8
Let r(t) = t + 6. Let a be r(-4). What is the units digit of ((-39)/a)/(12/(-24))?
9
Let k(f) = -4*f**2 - 4*f - 6. Let s be k(-3). Let g = 18 + s. What is the units digit of (2 - g/(-3)) + 30?
8
What is the tens digit of ((-86)/8)/(334/112 - 3)?
0
Suppose 4*r = -w + 7, 0 = -2*w - 0 + 6. Let k be 8/(-1 + r - -2). Suppose 9*b - 125 = k*b. What is the units digit of b?
5
Suppose -4*d = 12, 5*d - 1135 = -9*q + 8*q. What is the tens digit of q?
5
Let h(m) be the first derivative of 9*m**2/2 - 25*m - 5. What is the tens digit of h(12)?
8
Suppose 2*g - o + 22 = -88, 0 = 3*g + 4*o + 176. Let c = 3 - g. What is the tens digit of c?
5
Suppose 0 = 4*q + q, -5*i = 2*q + 5. What is the units digit of -3*(i/3 - 0)*47?
7
Suppose -45*i = -58330 - 24695. What is the tens digit of i?
4
Let l be -3 + (62 - (-1 + 3)). Let x = 43 + l. What is the tens digit of (2 - 1)/(4/x)?
2
Let f(x) = -2*x**3 - 3*x**2 + x - 3. Let w be f(-3). Suppose -g = 5*b - w, 5*b + 2*g = -3*g + 25. Suppose 7*l = b*l + 48. What is the tens digit of l?
1
What is the tens digit of (6 - (-2592 - 1)) + 10?
0
Let j = -1317 + 2621. What is the thousands digit of j?
1
Let t = -38 + 38. Suppose -2*y - 6 = t, 0 = z + 3*z - 4*y - 324. What is the units digit of z?
8
Suppose 5*d - 40 + 5 = 0. Let v = d + -9. What is the units digit of (-418)/(-18) - v/(-9)?
3
Let c be 855/165 + 20/11 + -2. What is the tens digit of -4*-45*5/c?
8
Let c(b) = 2*b**3 + b - 1. Let m be c(1). What is the units digit of ((37 - m) + -2)/1?
3
Let l be (-4 - 6)*(-2)/(-5). Let m(v) = 8*v - 1. Let j(f) = -8*f. Let z(u) = l*j(u) - 5*m(u). What is the units digit of z(-4)?
7
Let g(v) = -v**3 + 33*v**2 + 3*v - 78. What is the tens digit of g(31)?
3
Suppose 